 = -2*r, -5*v + r = -5950 - 2471. Is v prime?
False
Is -2647*1*(2 + (1 - 4)) a composite number?
False
Suppose -8640 = -2*w - c, -w - 4*c - 17292 = -5*w. Is w composite?
True
Is (17157 - 8) + -6 + -11 + 5 prime?
True
Let b = -308 + 431. Let a = 754 - 718. Let i = b - a. Is i composite?
True
Let g = -99931 - -171510. Is g a composite number?
True
Let m = 0 + 2. Let w(c) = -6*c + m*c + c + 2*c**2 - 1 - 2. Is w(-2) composite?
False
Let l = 60 + -112. Let k = 198 + l. Is k prime?
False
Suppose -16*z + 4*b - 74136 = -20*z, -4*z - 2*b + 74126 = 0. Is z a composite number?
True
Let s = -58297 + 97694. Is s a composite number?
False
Let h(i) = -63574*i - 205. Is h(-2) a prime number?
True
Suppose 5*z - 8 = h + 9, -11 = -2*z - h. Suppose 0 = z*d + 2*o - 44, -2*d + 4*o + 9 + 3 = 0. Suppose 223 = 3*u + d. Is u a composite number?
False
Suppose 60*o + 2244 = 64*o. Let r = o - 202. Is r a composite number?
False
Let u(g) = 2*g**2 + 4*g - 2. Let t be u(-4). Let i = t + -4. Let w = 29 - i. Is w a prime number?
True
Suppose 9*f = 2334 + 33873. Suppose 0 = -7*o + f - 446. Is o prime?
False
Suppose -343 - 61739 = -18*i. Is i a prime number?
True
Let d(c) = -c**2 - 19*c + 6. Let v(g) = -12*g**2 - 1. Let t be v(1). Let r be d(t). Suppose r = 5*w - 3*f, -5*f + 30 = 3*w - 0*f. Is w prime?
False
Suppose 0 = -10*z + 3*z. Suppose -95 = -7*p + 4*p - 4*o, -2*p + 5*o + 71 = z. Is p a composite number?
True
Suppose 0 = 4*h - 16, -3*x = x - 5*h. Suppose 2*f - w - 442 = 0, x*f - 3*w = 125 + 978. Is f prime?
True
Let n be -16*(-6)/20*110. Suppose 0 = -4*x + n + 12. Suppose 37 = -0*r + r + 5*m, -3*r - 3*m = -x. Is r prime?
True
Let m = 530 - -10223. Is m a composite number?
False
Suppose 111*h - 1420020 = -57939. Is h composite?
True
Let s = 487 + -80. Is s a prime number?
False
Let j(x) = -1141*x - 1101. Is j(-44) prime?
True
Let o be (-6)/3 - 1 - -3. Suppose -4*w + o*w - 92 = 4*b, 0 = -2*b + 5*w - 18. Let q = 16 - b. Is q a prime number?
False
Suppose -m + 28 = 26. Suppose 669 = n + m*n. Is n prime?
True
Let g(i) = -401*i - 362. Is g(-11) a prime number?
True
Let i(s) = 249*s + 109. Is i(8) a composite number?
True
Suppose -3*t = -2*t - 540. Suppose 4*b = 2*z - t, -3*z = -4*b + b - 807. Is z/(-2)*12/(-8) a prime number?
False
Suppose 3*w = 4*w - 5. Suppose 10*k - 485 = w*k. Is k a composite number?
False
Let c = -11 + 17. Suppose u = c*u - 95. Suppose 2*k + 321 = 5*i, -4*k = -3*i + u + 168. Is i a prime number?
False
Suppose p = 2*p - 700. Let b be p/16 - 1/(-4). Suppose -r = 5*l - 366, 2*l + 5*r = 84 + b. Is l prime?
False
Let x(z) = -53*z - 101. Is x(-24) composite?
False
Let a(m) = m**2 + 7*m + 14. Let w be a(-4). Suppose 0 = -w*u - 5*t + 2125, 0 = 4*u - 5*t + 3*t - 4214. Is u a composite number?
True
Is 33926/4*78/39 prime?
True
Let d(b) = -1043*b - 260. Is d(-6) composite?
True
Let q(h) = 41*h**2 + 54*h + 209. Is q(-4) prime?
False
Let z be 9/4 + 2/(-8). Suppose -2*q - 4*y + 290 = -q, 3*q = -2*y + 920. Suppose q = -z*l + 4*l. Is l a composite number?
True
Suppose 14697 = -5*w + h, -7*h + 2952 = -w - 11*h. Let t = 4743 + w. Is t prime?
False
Let r(p) = 5*p + 33*p + 26*p - 1. Suppose 0*t - 4*y + 5 = -5*t, 0 = 3*t - 4*y + 11. Is r(t) composite?
False
Let l(c) be the third derivative of c**6/120 - c**5/30 + c**4/8 + c**3/6 + 9*c**2. Let b be l(3). Let v = 96 - b. Is v a prime number?
False
Let v be (-32978)/(-12) - 2/12. Suppose 1679 + v = n. Is n prime?
False
Let d be 3/8 - 21/(-8). Suppose -9 = d*w, 8*w = -5*r + 3*w + 8090. Is r prime?
True
Suppose 3*t - b = -2, -t + 6*t + 4 = 2*b. Suppose t = -2*w + 108. Let i = -32 + w. Is i prime?
False
Let q = 13 + -14. Let u be (-2 - 1) + (866 - q). Suppose 3*s = -3*f + f + 571, -3*f - 3*s = -u. Is f prime?
True
Let t = 30 + 4. Suppose 38*k = t*k + 5348. Is k a prime number?
False
Let d be (-6)/(-51) + (-4450)/(-34). Let x = 804 - d. Is x prime?
True
Let q(j) = -3119*j**2 + 4*j - 4. Let m be q(2). Is ((-25)/(-100))/((-2)/m) a composite number?
False
Is 5/(35/4) + 5970009/399 composite?
True
Let p = 8 - 9. Let c be -79*(-2 + 3)*p. Is c*1*(4 - -1) a prime number?
False
Suppose -19043 = -5*t + 2*t - 5*p, 8 = 2*p. Is t a prime number?
False
Suppose -8*c + 2769 = -10423. Is c a prime number?
False
Let d be -787*((-4)/(-6))/((-4)/6). Let m = d - 533. Is m a prime number?
False
Is (613/3)/(39/3393) prime?
False
Suppose 16*i - i = 723315. Is i a prime number?
True
Let u = 41 - 18. Suppose 3*f + t = -1058, 4*t - u = f + 347. Is (-22)/55 + f/(-10) a composite number?
True
Is 3631 - (24/11 - 12/66) composite?
True
Let j = 2596 + -837. Is j a prime number?
True
Let j(y) = y**3 - 5*y**2 - 6*y + 2. Let x be j(6). Suppose -x*i = -5*i - 1554. Let z = i + 849. Is z prime?
True
Let j be 1*-24*(-3424)/24. Suppose -3*r - t = -2555, -6*r + 3*t + j = -2*r. Is r prime?
True
Suppose 2*h + 7 = 3*k, -4*h + 3 = -3*k + 2. Let t(w) = -w**3 - 6*w**2 + 2*w - 18. Let a be t(-9). Let r = a - h. Is r composite?
True
Let s be -6*((-210)/4 + 0). Suppose -5*k - s = -m + 363, -2*m + 5*k + 1351 = 0. Is m composite?
False
Let u be (-1332)/2 + (42/7)/6. Is -16 - u - 4*-1 prime?
True
Suppose 0*p - p = o - 6116, -3*p + 3*o = -18354. Is p composite?
True
Let g = 14095 - -4384. Is g a prime number?
False
Let x(m) = -m. Let d be x(1). Let w be (-4 - -3) + 3 - 3. Is -3 + (d - w) - -10 a composite number?
False
Suppose -28*r - 2881419 = -121*r. Is r composite?
False
Suppose 47*k + 20 = 51*k. Suppose -70 = -0*g - 5*g. Let h = k + g. Is h prime?
True
Let c be ((-2)/(-8) + 1/2)*-4. Let y(w) = -340*w - 11. Is y(c) a composite number?
False
Suppose 3*g - 1 + 3 = -2*y, 5*y = g + 29. Suppose y*v - 18 = 7. Suppose 0 = i - v*r - 165 - 2, 0 = i - r - 159. Is i a prime number?
True
Is ((-2)/(-10))/((-32)/(-8920))*548 composite?
True
Suppose -22 = 3*u + 50. Let s(w) = 882*w**2 + 1. Let t be s(1). Let x = t - u. Is x a prime number?
True
Is (30670/(-8))/(-5) - 5/(-20) prime?
False
Suppose -2190 - 20273 = -4*z + 3*q, -5618 = -z + 3*q. Is z prime?
False
Is 10/4*(-864082)/95*-1 prime?
True
Let q(d) = -d - 12. Let f be q(-16). Suppose -v + 5*i - 5 = 0, f*v - i = -4*i + 26. Suppose -v*c + 41 = -14. Is c composite?
False
Let m(o) = 18*o**2 - 2*o - 2. Let u be m(-1). Let g(b) = 6*b**2 - 26*b + 1. Is g(u) a composite number?
True
Let g(a) = -2*a**2 + 12*a - 6. Let b be g(6). Let l(h) = -11*h**2 + 4*h + 8. Let i(s) = -s**2 - s - 1. Let q(n) = i(n) - l(n). Is q(b) composite?
True
Let h = -14 + 16. Suppose -h*d - 44 = 4*w + 6, -80 = 4*d - 2*w. Is (-1001)/d + 4/(-6) composite?
False
Suppose 0 = f - 2*f + 2*h + 6, 2*f - 14 = 5*h. Let t(n) = -n + 36*n**2 + 11*n**f - 2*n**2. Is t(-1) composite?
True
Suppose -2*r = -4936 + 614. Is r composite?
False
Let h(v) = 1838*v - 93. Is h(7) a composite number?
True
Suppose -7*d - 157671 = -16*d. Is d a prime number?
True
Let c(t) = -9107*t + 36. Is c(-1) a composite number?
True
Suppose -5*s = -f + 554 - 196, 2*s = f - 145. Let j = s - -50. Let w = -2 - j. Is w prime?
True
Let t be ((-5614)/(-21))/((-15)/9 - -1). Let d = t - -942. Is d a prime number?
True
Let b(m) = 2*m + 22. Let j be b(-10). Suppose 5*a + 31 - 13 = j*d, 2*d - 16 = 4*a. Is (-9 + 7)/(a/131) prime?
True
Let y(i) = -i**3 - i**2 + i - 1. Let j(q) = -2*q**3 - 12*q - 5. Let c(m) = -j(m) + y(m). Is c(7) prime?
True
Let i be (3 + 3/2)*-4. Let o = i + 55. Is o a prime number?
True
Let x = 1289 - -1224. Is x a composite number?
True
Let u(z) = 515*z**2 + 7*z - 7. Suppose 4*p = 4*o, p - 4 = 3*o - 6. Is u(p) a prime number?
False
Let j(y) = -149*y**3 - 8*y**2 - 4*y + 7. Is j(-6) a prime number?
False
Let o(c) = 106*c - 5. Let q(p) = p**2 - 2*p - 3. Let a be q(3). Let b(n) = -n**3 + n + 4. Let f be b(a). Is o(f) composite?
False
Let v(i) = -i**2 - 15*i - 18. Let x be v(-13). Suppose -x*o = -4*o - 4492. Is o a prime number?
True
Let a(j) = j**3 + 5*j - 1. Let o be a(14). Suppose -2277 = -10*z + o. Is z prime?
True
Let c be 202 + (0*2/6)/(-2). Let a = -60 + c. Is a a composite number?
True
Let p(b) = 3*b - 26. Let y be p(6). Is -3 + (516/15 - y/(-20)) a prime number?
True
Suppose 0 = -4*g - 4*a, -2*g = 3*a + 1 + 3. Is ((-2)/g)/((-7)/24262) a prime number?
True
Let t be 272/44 - 2/11. Is 663 + (-2 + t - 0) a composite number?
True
Let j(b) be the third derivative of b**4/24 + b**3/2 + 3*b**2. Let k be j(-3). Is